{"id":170,"date":"2019-06-17T07:50:32","date_gmt":"2019-06-17T05:50:32","guid":{"rendered":"http:\/\/neue-zeit-magazin.de\/?page_id=170"},"modified":"2025-06-06T17:11:30","modified_gmt":"2025-06-06T16:11:30","slug":"energieausgleich","status":"publish","type":"page","link":"http:\/\/neue-zeit-magazin.de\/?page_id=170","title":{"rendered":"F\u00fcr Gastautoren"},"content":{"rendered":"\n<p class=\"has-large-font-size\"><strong>Herzlichen Dank an meine liebevollen Gastautoren: <\/strong><\/p>\n\n\n\n<p><strong>Gabriele Sherina Schmitt<\/strong><\/p>\n\n\n\n<p><strong>Monika Hagn<\/strong><\/p>\n\n\n\n<p><strong>G\u00fcnther Wiechmann<\/strong> <\/p>\n\n\n\n<p><strong>Sara Sadeghi<\/strong><\/p>\n\n\n\n<p><strong>Emanuell Charis<\/strong><\/p>\n\n\n\n<p><strong>Sabine Selina Weber <\/strong><\/p>\n\n\n\n<p><strong>Florence Zumbihl<\/strong><\/p>\n\n\n\n<p><strong>Claudia Fia&#8217;Laureen Weber<\/strong><\/p>\n\n\n\n<p><strong>Ulrike O&#8217;Nada Gomes Ascenso<\/strong><\/p>\n\n\n\n<p><strong>und weitere&#8230;<\/strong><\/p>\n\n\n\n<p>Wenn du auch als Gastautor publizieren m\u00f6chtest, freue ich mich \u00fcber deine Nachricht per Email.<\/p>\n\n\n\n<p>Beitr\u00e4ge werden fortlaufend angenommen und eingestellt. Der zeitliche Rahmen von der Einreichung eines Artikels bis zur Ver\u00f6ffentlichung kann mehrere Tage betragen.<\/p>\n\n\n\n<p>Die einzureichenden Artikel sollten fertig ausgearbeitet, korrekturgelesen, mit einem Beitragsbild versehen sowie von Interesse f\u00fcr die Allgemeinheit sein. Beitragsbilder k\u00f6nnen entweder eigene Bilder oder lizenfreie Bilder aus Bilderportalen sein. Gastautoren d\u00fcrfen im Rahmen eines eingereichten Artikels mit Links auf ihre eigene Webseite verweisen. Mein Magazin ist jedoch nicht als Werbeplattform f\u00fcr B\u00fccher oder Produkte der Gastautoren zu verstehen.<\/p>\n\n\n\n<p>Namaste &#x2665; Marion Fabijenna<br><\/p>\n\n\n\n<p><\/p>\n","protected":false},"excerpt":{"rendered":"<p>Herzlichen Dank an meine liebevollen Gastautoren: Gabriele Sherina Schmitt Monika Hagn G\u00fcnther Wiechmann Sara Sadeghi Emanuell Charis Sabine Selina Weber Florence Zumbihl Claudia Fia&#8217;Laureen Weber [&hellip;] <span class=\"read-more-link\"><a class=\"read-more\" href=\"http:\/\/neue-zeit-magazin.de\/?page_id=170\">Read More<\/a><\/span><\/p>\n","protected":false},"author":2,"featured_media":0,"parent":0,"menu_order":0,"comment_status":"closed","ping_status":"closed","template":"","meta":{"footnotes":""},"class_list":["post-170","page","type-page","status-publish","hentry"],"_links":{"self":[{"href":"http:\/\/neue-zeit-magazin.de\/index.php?rest_route=\/wp\/v2\/pages\/170","targetHints":{"allow":["GET"]}}],"collection":[{"href":"http:\/\/neue-zeit-magazin.de\/index.php?rest_route=\/wp\/v2\/pages"}],"about":[{"href":"http:\/\/neue-zeit-magazin.de\/index.php?rest_route=\/wp\/v2\/types\/page"}],"author":[{"embeddable":true,"href":"http:\/\/neue-zeit-magazin.de\/index.php?rest_route=\/wp\/v2\/users\/2"}],"replies":[{"embeddable":true,"href":"http:\/\/neue-zeit-magazin.de\/index.php?rest_route=%2Fwp%2Fv2%2Fcomments&post=170"}],"version-history":[{"count":32,"href":"http:\/\/neue-zeit-magazin.de\/index.php?rest_route=\/wp\/v2\/pages\/170\/revisions"}],"predecessor-version":[{"id":2659,"href":"http:\/\/neue-zeit-magazin.de\/index.php?rest_route=\/wp\/v2\/pages\/170\/revisions\/2659"}],"wp:attachment":[{"href":"http:\/\/neue-zeit-magazin.de\/index.php?rest_route=%2Fwp%2Fv2%2Fmedia&parent=170"}],"curies":[{"name":"wp","href":"https:\/\/api.w.org\/{rel}","templated":true}]}}

Für Gastautoren

<p class="has-large-font-size"><strong>Herzlichen Dank an meine liebevollen Gastautoren: </strong></p>



<p><strong>Gabriele Sherina Schmitt</strong></p>



<p><strong>Monika Hagn</strong></p>



<p><strong>Günther Wiechmann</strong> </p>



<p><strong>Sara Sadeghi</strong></p>



<p><strong>Emanuell Charis</strong></p>



<p><strong>Sabine Selina Weber </strong></p>



<p><strong>Florence Zumbihl</strong></p>



<p><strong>Claudia Fia&#8217;Laureen Weber</strong></p>



<p><strong>Ulrike O&#8217;Nada Gomes Ascenso</strong></p>



<p><strong>und weitere&#8230;</strong></p>



<p>Wenn du auch als Gastautor publizieren möchtest, freue ich mich über deine Nachricht per Email.</p>



<p>Beiträge werden fortlaufend angenommen und eingestellt. Der zeitliche Rahmen von der Einreichung eines Artikels bis zur Veröffentlichung kann mehrere Tage betragen.</p>



<p>Die einzureichenden Artikel sollten fertig ausgearbeitet, korrekturgelesen, mit einem Beitragsbild versehen sowie von Interesse für die Allgemeinheit sein. Beitragsbilder können entweder eigene Bilder oder lizenfreie Bilder aus Bilderportalen sein. Gastautoren dürfen im Rahmen eines eingereichten Artikels mit Links auf ihre eigene Webseite verweisen. Mein Magazin ist jedoch nicht als Werbeplattform für Bücher oder Produkte der Gastautoren zu verstehen.</p>



<p>Namaste &#x2665; Marion Fabijenna<br></p>



<p></p>

<p>Herzlichen Dank an meine liebevollen Gastautoren: Gabriele Sherina Schmitt Monika Hagn Günther Wiechmann Sara Sadeghi Emanuell Charis Sabine Selina Weber Florence Zumbihl Claudia Fia&#8217;Laureen Weber [&hellip;] <span class="read-more-link"><a class="read-more" href="http://neue-zeit-magazin.de/?page_id=170">Read More</a></span></p>
